be k(-7). Suppose 125 = r*h + 11. What are the prime factors of h?
3, 19
Suppose -4*t - 972 - 1596 = 0. What are the prime factors of t/(-9)*6/4?
107
Suppose 4*r = -5*a - 690, -6 = -2*a + 5*a. Let m = 273 + r. List the prime factors of m.
103
Let n = -13 + 14. Let b be (-10)/(-6) - n/(-3). What are the prime factors of 3*7 - (b - 5)?
2, 3
Let k(l) = 5*l**2 + 10*l + 10. Let s be k(-6). Suppose -16 = -2*g + s. List the prime factors of g.
73
Let h = -130 + 184. Suppose 8*z = -z + h. What are the prime factors of z?
2, 3
Suppose -3*v + 4*v = 24. Suppose 0 = -2*d + 6*d - v. List the prime factors of (-166)/(-7) + d/21.
2, 3
Let l = 157 - 117. What are the prime factors of l?
2, 5
Let f = 528 + 110. List the prime factors of f.
2, 11, 29
Let v(t) = -3*t + 24. Let d be v(11). List the prime factors of ((-6)/d)/(((-12)/(-1017))/2).
113
What are the prime factors of (1 + -3 + 44)*(-94)/(-6)?
2, 7, 47
Suppose -58 = 5*s - 13. Let p be 72 + s - (0 + 0). Let j = p - 37. What are the prime factors of j?
2, 13
Let l(q) = q**3 - 6*q**2 + 19*q - 61. What are the prime factors of l(8)?
3, 73
Let y = -48 + 28. Let p = 3 - y. What are the prime factors of p?
23
Suppose 623 = 3*h + 14. What are the prime factors of h?
7, 29
Suppose -3*k - 2*b + b = -298, -k - 5*b + 90 = 0. Let m = k + -51. List the prime factors of m.
7
Suppose -m - 3*m = -12. Suppose -8*r = -m*r. Suppose -4*s + 4*g + 65 + 107 = r, 15 = -5*g. List the prime factors of s.
2, 5
List the prime factors of (0 + 168/(-20))/((-9)/30).
2, 7
Let i be (-18)/30 + (-18)/(-5). Let z = -12 + i. Let u = 17 + z. List the prime factors of u.
2
Suppose -p = 2*p + 21. Let s = p - 9. Let j = 28 + s. List the prime factors of j.
2, 3
Suppose -5*r = 2*v - 786, -3*v - 2*r = 2*r - 1165. List the prime factors of v.
383
Let t(w) = -2*w**3 + 22*w**2 - 21*w + 13. Let r be t(10). Suppose -r*v = 3, -u + v = -25 - 43. List the prime factors of u.
67
Let i be 4/(12/(-9))*1*-2. List the prime factors of 8/i + (-393)/(-9).
3, 5
Let i(g) = -g**2 - 3 - 11*g + 52 + 13*g. What are the prime factors of i(0)?
7
Let o(x) = -4*x - 2. Let j be o(-3). Let m be j/(-4)*(19 + -7). Let u = m + 52. What are the prime factors of u?
2, 11
Suppose 6*z + 246 + 120 = 0. Let q = 68 + z. List the prime factors of q.
7
Suppose -s + 1 + 35 = 0. Let u = s - 33. Suppose -3*n - 3 = 6, -u*d + 3*n = -165. What are the prime factors of d?
2, 13
Let z(s) = -17*s - 225. What are the prime factors of z(-21)?
2, 3, 11
Let v = 13 + -1. Suppose 4*s + v = -0*s + 4*j, 0 = -s - 4*j + 17. List the prime factors of (5/(-10))/(s/(-24)).
2, 3
Let z(p) = -p**3 - 2*p**2 - 2*p + 1. Let q be z(-2). Suppose 7 - 387 = -q*w. List the prime factors of w.
2, 19
Suppose 4*d + 9 = 1. Let f(y) = 3*y**2 + 3*y. What are the prime factors of f(d)?
2, 3
Let n be (3 + -2)/(1/2) + 0. Suppose 3*s - 6 = 3*c, -s - 10 = -6*s + c. Suppose o - s - n = 0. List the prime factors of o.
2
Suppose -3*q + 4771 = -845. What are the prime factors of q?
2, 3, 13
List the prime factors of 28/63 - 2588/(-9).
2, 3
Suppose 0 = -0*a + a - 2, 3*b - 18 = -3*a. Suppose -b*x + 20 + 68 = 0. List the prime factors of x.
2, 11
Suppose -4*w + 428 = -4*u, 5*w = 2*u + 249 - 41. Let d = -78 - u. What are the prime factors of d?
31
Let d = -1220 + 2143. List the prime factors of d.
13, 71
Let c(f) = -6*f + 2. Let l be c(1). Suppose 0 = -0*i + 3*i - 3. What are the prime factors of (l + 23)*(i + 1)?
2, 19
Let t = 49 + -64. Let m(r) = -r**2 - 18*r + 9. What are the prime factors of m(t)?
2, 3
Suppose -2*w - 3*g - 8 = 2*w, 4 = -2*w + g. Let b be (w/(-6))/((-1)/(-156)). Let z = b + -25. What are the prime factors of z?
3
What are the prime factors of (-40 + 39)/(1/(-740))?
2, 5, 37
Suppose -d + 2*d - 9 = 0. Suppose -d + 5 = -c. What are the prime factors of c?
2
What are the prime factors of (11 - 372/36)*1911?
2, 7, 13
Let g = -57 + 90. Suppose -t - 3*w = -32, 2*t = 5*w + 64 + g. What are the prime factors of t?
41
Let z = 33 + -33. Let w be 1412/(20/5) - z. What are the prime factors of (-10)/45 - w/(-9)?
3, 13
List the prime factors of (-3269)/14*-16 + -6 + 7.
37, 101
Let h = 123 - -252. What are the prime factors of h?
3, 5
Let h(s) = -3*s + 52. Let o be h(0). Let u = 8 + o. List the prime factors of u.
2, 3, 5
Let c = 0 + 0. Let u = 52 + -26. Let k = u - c. List the prime factors of k.
2, 13
Suppose i = -i + 3*i. Suppose i*q + 2*q - 237 = f, 588 = 5*q + 2*f. List the prime factors of q.
2, 59
Let o(b) be the first derivative of b**4/4 + 22*b**3/3 - 2*b**2 - 23*b + 14. List the prime factors of o(-22).
5, 13
Let g(y) = -y**2 + 22*y + 36. Let m be g(21). Let d = 233 - m. What are the prime factors of d?
2, 11
Let j(f) = f + 2. Let k be j(0). Let r be k/7 - (-76)/28. Suppose r*n + 132 = 7*n. List the prime factors of n.
3, 11
Suppose 12*v = 15*v - 777. Let g = v + -182. List the prime factors of g.
7, 11
Let v = 1 - 1. Suppose 0 = -3*p - 4*m + 112 + 164, 2*p - m - 195 = v. Suppose 3*q - p = -9. List the prime factors of q.
29
Let x = -15 + 17. Let t = 11 - x. What are the prime factors of ((-24)/t)/(2/(-12))?
2
Suppose -29812 = -24*d - 4732. What are the prime factors of d?
5, 11, 19
Let u(k) = 150*k**2 - 10*k. What are the prime factors of u(2)?
2, 5, 29
Let j(d) = 197*d**3 + 5*d**2 - 5*d + 3. What are the prime factors of j(1)?
2, 5
Let a(p) = -15*p - 4. Let s be a(-13). Suppose 5*d + s = 2*i, 2*i + 2*d + 509 = 7*i. List the prime factors of i.
103
Suppose -h - 13 = -2*j - 0, -22 = -3*j + 4*h. Let k(x) = -x**3 + 5*x**2 + 13*x - 1. What are the prime factors of k(j)?
41
Let j be 12 - (1 + -2)*2. Let s = j + 72. List the prime factors of s.
2, 43
Let u(y) be the third derivative of y**5/60 - y**4/12 - 11*y**3/6 + y**2. What are the prime factors of u(-9)?
2, 11
Let t = -205 - -825. Suppose m = -4*m + 5*q + t, -3*m - 3*q + 372 = 0. List the prime factors of m.
2, 31
Let d = 535 + 1258. List the prime factors of d.
11, 163
Suppose -25 = -5*n - 15, -5678 = -2*u + 5*n. List the prime factors of u.
2, 3, 79
Suppose -j - 19 = h, 11*j = 12*j + 1. Let o = h + 79. List the prime factors of o.
61
Let n(g) = 2*g - 2. Let r be n(6). Let m be 335/r + 1/(-2). Suppose -3*f + m + 33 = 0. List the prime factors of f.
2, 11
Suppose 21*o - 11440 = -5*o. List the prime factors of o.
2, 5, 11
Suppose 0 = -3*b - 5*v - 37, -3*v - 8 = v. Let o be (-48 + -3)*(-6)/b. Let z = o - -55. List the prime factors of z.
3, 7
Let y = 14 + -14. Suppose 5*m - 377 = 4*l, y = 3*m + 5*l - 195 - 9. Suppose -3*u - 5*g = -30, 5*u - 2*g - 8 = m. What are the prime factors of u?
3, 5
Let d be (6/7)/(14/49). Suppose z - 16 = d*y, -z - 12 = 5*y + 4. Suppose z*g + 4*x = 80, 2*g + 2*g - 3*x = 52. What are the prime factors of g?
2
Suppose 0 = -4*m + 3456 + 4072. What are the prime factors of m?
2, 941
Let b be (-2)/(-2 - 0) - 1. Suppose -o + 2*z - 31 = 0, -6*z + 3*z + 9 = b. List the prime factors of 5/o + 632/10.
3, 7
Let x(p) = -11*p**3 + 34*p**2 + 6*p - 41. Let g(j) = 4*j**3 - 11*j**2 - 2*j + 14. Let r(v) = 8*g(v) + 3*x(v). List the prime factors of r(14).
17
Suppose 2*l + 2*s - 6*s = 484, 5*l - 1186 = -2*s. What are the prime factors of l?
2, 7, 17
Let u = 96 - 92. Let g(v) = v + 5. Let k be g(-5). Suppose -y + 13 + u = k. List the prime factors of y.
17
Let u(g) = 229*g - 261. List the prime factors of u(9).
2, 3, 5
Let q = -2321 + 4216. List the prime factors of q.
5, 379
Suppose -3*l - 4*a - 1568 = -6*l, -2*l - 3*a + 1051 = 0. What are the prime factors of l?
2, 131
Let p(o) = o**3 - 4*o**2 - 8*o - 23. List the prime factors of p(8).
13
Suppose 5*m + 1391 = 3*x, 543 = 3*x - m - 832. List the prime factors of x.
457
Let h(l) = l**2 + 2*l - 1. Let s be h(-3). Suppose 4*r = s*n - 24, 7*n = 3*n + 3*r + 43. Suppose -t - n + 54 = 0. What are the prime factors of t?
2, 11
Let h = 3590 + -2192. List the prime factors of h.
2, 3, 233
What are the prime factors of 30012/120 + 1/(-10)?
2, 5
Let o = 440 + -79. What are the prime factors of o?
19
Let g(v) = -4*v - 63. Let l be g(-16). Let q be -5*4*(-6)/(-10). List the prime factors of l*2*(-42)/q.
7
Let z = 439 + 92. What are the prime factors of z?
3, 59
Let i = 165 - 114. Suppose 0 = 9*x + i - 366. What are the prime factors of x?
5, 7
Suppose 2*p = -y + 11, -p = -4*y + 4*p - 21. What are the prime factors of (-3)/((y